 the tens digit of w?
1
Let z(s) be the third derivative of s**5/60 + s**4/6 + 10*s**3/3 - 46*s**2. What is the tens digit of z(13)?
4
Let q(v) = 209*v - 94. What is the units digit of q(8)?
8
Let d be 1 - 1/3*-3. Suppose -d*x = 4*q + x - 33, 4*x = -5*q + 42. What is the units digit of q?
6
Let l(f) = 9*f - 64. Suppose 0*w - 9*w + 207 = 0. What is the units digit of l(w)?
3
What is the tens digit of 197 + (36/(-8) - 3/(-2))?
9
What is the tens digit of (-3)/((54/776)/(-9))?
8
Let x(d) = 147*d**2 + 13*d - 23. What is the hundreds digit of x(-4)?
2
Let t(s) = -3*s**3 + s**2 - 3*s - 1. Let r be t(2). Let p = 51 - r. What is the units digit of p?
8
Suppose 5*y = 3*y + l + 3767, -y = -5*l - 1870. What is the units digit of y?
5
Let a be (2 - -11) + (0 - 1). Let w = a - 11. Suppose w = 4*t - 7. What is the units digit of t?
2
Let r = 1010 + -511. What is the units digit of r?
9
Suppose 0 = -c + 3*x - x + 167, 2*c = -x + 324. What is the hundreds digit of c?
1
What is the units digit of 1231 - (115/(-30) + 3/(-18))?
5
Suppose 0 = -12*w - 12*w + 18024. What is the units digit of w?
1
Suppose 10*q - 794 - 1126 = 0. What is the hundreds digit of q?
1
Suppose -5*p + 664 = -9*p. Let b = -106 - p. What is the tens digit of b?
6
Let o = 976 - 588. What is the tens digit of o?
8
Let n(g) = 14*g**3 - 2*g**2 + 5*g - 19. What is the tens digit of n(3)?
5
What is the tens digit of (-9)/(-6)*(32/8 + 2326)?
9
Let f(p) = 8 + 3 + 5*p + 8 - 4. Let x = 23 + -12. What is the tens digit of f(x)?
7
Suppose -4*l + 585 + 523 = 0. Let x = l - 138. What is the hundreds digit of x?
1
Let x(o) = -o**2 - 4*o. Let k = -14 - -12. Let a be x(k). Suppose -y - a + 15 = 0. What is the tens digit of y?
1
Suppose -25*b = -23*b + 102. What is the units digit of (b/9)/(10/(-30))?
7
Let g be (16/48)/(2/402). Let u = g + -48. What is the tens digit of u?
1
Let w(c) = c**2 - 10*c + 3. Let m(t) = -3*t**2 + 20*t - 7. Let j be 10*3/(-12)*-2. Let o(g) = j*w(g) + 2*m(g). What is the tens digit of o(-7)?
2
Suppose 5*f + 75 = -j + 3*j, -j + 15 = 5*f. Let k = j + 21. What is the units digit of k?
1
Suppose u = 3*v - 7488, -4*v + 0*u + 9973 = -5*u. What is the tens digit of v?
9
Let z(r) = -r**3 + 8*r**2 + 22*r - 15. Let x be z(10). Suppose -93 = 4*m - x*m. What is the units digit of m?
3
Let u(q) = -6*q + 51. Let y(o) = o - 10. Let j(m) = -2*u(m) - 11*y(m). Let s be j(-9). Let c(w) = -26*w**3 - w - 1. What is the tens digit of c(s)?
2
Let q = -1232 - -2437. What is the hundreds digit of q?
2
Suppose 2*x - 2253 = -4*i - 799, -4*x + 2923 = 3*i. What is the hundreds digit of x?
7
Let m be 8*15/6*2/10. Let c(b) = b**2 + 10*b - 25. What is the tens digit of c(m)?
3
Suppose 4*d = 8 - 0. Suppose -d*l = -61 + 5. What is the units digit of l?
8
Suppose 52 = -d + 5*d. Let v = d + -5. Suppose 4*f - v = -0*f. What is the units digit of f?
2
Suppose -5*n = -142 + 12. Let u = 36 - n. Suppose 2*a - u = -3*a. What is the units digit of a?
2
Let q = -10 - -15. Suppose -q*v - 16 + 1 = 0. What is the tens digit of 15*(v - -2*2)?
1
Let z(t) = 207*t - 81. What is the tens digit of z(3)?
4
Let s = 66 - 53. Suppose -9*u - 12 = -s*u. What is the units digit of u?
3
Let y(o) = -2*o**3 - 6*o**2 + 12*o + 8. Let u(d) = d**3 + 3*d**2 - 6*d - 4. Let f(q) = -7*u(q) - 4*y(q). What is the units digit of f(-4)?
4
Let o(x) = -2*x**2 + 54. Let v be 1 - 5/(7 - 2). What is the tens digit of o(v)?
5
Let i(f) = -f**2 + 10*f - 5. Let c be i(9). Suppose 0 = -7*s + c*s + 5*a, -3*a = 0. Suppose -2*m + 2*q + 58 = s, -2 = -q + 1. What is the tens digit of m?
3
Let b(k) = -4*k**2 + 6*k - 2. Let f be b(5). Let u = f - -103. What is the tens digit of u?
3
Let z(i) = -4*i**3 - i**2 - i. Let u(r) = -r**2 - 3*r + 13. Let q be u(-5). Suppose -4 = -q*j + 5*j. What is the units digit of z(j)?
0
Suppose 4*b + 6 = 4*h - 2, 4*h + 5*b - 8 = 0. Suppose -151 = -h*d - 9. What is the units digit of d?
1
Suppose 16*q - 10*q + 24 = 0. What is the tens digit of q/20 - (768/(-15) - 1)?
5
What is the units digit of 86160/(-280)*(-7)/2?
7
Let j be -36*(1 - 3/6). Let c be (-16)/72 + 5648/j. What is the units digit of c/(-14) + (-6)/14?
2
What is the units digit of (-17)/(85/375)*5/(-3)?
5
Let b = -303 + 1085. What is the hundreds digit of b?
7
Let b be 1/(-4) - (-85)/20. Suppose 4*u + 40 = -r, 3*r + r = b*u - 60. What is the tens digit of 10/r - 226/(-4)?
5
Suppose 1341 = 4*j - v, 0 = -4*j + v + 2*v + 1335. Suppose -j = -5*c + 2*c. What is the hundreds digit of c?
1
Suppose -12 = -6*j + 3*j. What is the units digit of j/(-6)*(-81)/18?
3
Let i be 7 + -3 + 2 + -1. Suppose 0 = i*r - 183 + 38. What is the units digit of r?
9
Let m be (-50)/(-6) - (-16)/(-12). Suppose m*b + 64 = 638. What is the tens digit of b?
8
Suppose 2*x + 22 = 4*b, -3*b = 5*x + 2 + 1. Let y(q) = 2 + 4 + b*q + 8*q**2 - 4. What is the units digit of y(-2)?
6
Let m(g) be the third derivative of g**5/60 + 7*g**4/24 + g**3/6 + 14*g**2. What is the units digit of m(-7)?
1
Let z = -10 + 54. Let w = 28 + -5. Let b = z - w. What is the units digit of b?
1
What is the hundreds digit of -72*((-1032)/9)/8?
0
Suppose -5*w + 13377 = -2*v, 4*w + 1830 - 12529 = -v. What is the units digit of w?
5
Let g = 15 + -105. Let d = g + 58. Let o = -17 - d. What is the units digit of o?
5
Let p(i) = -103*i + 402. What is the hundreds digit of p(-10)?
4
Let o = -77 + 80. What is the units digit of o?
3
Suppose -554 = -z - 10*m + 14*m, 5*m = 0. What is the tens digit of z?
5
Let z(i) = -6*i**2 - 2*i - 5. Let f be z(3). Let p = f - -184. What is the tens digit of p?
1
Let l = -100 + 29. Let g = l - -103. What is the tens digit of g?
3
Suppose b - 30 = -4*b - 4*c, 2*c = 4*b + 2. Let l be 90/20 - 1/b. Suppose 4*j + 5*v - 21 = 0, -v + 25 = l*j - 8. What is the units digit of j?
9
Suppose 0 = w - 4, -w + 4207 + 9227 = 5*u. What is the thousands digit of u?
2
Let j(r) = 3*r**3 + 23*r**2 - 96*r + 6. What is the thousands digit of j(7)?
1
Let r = 89 + -84. Let f(j) = 41*j - 12. What is the tens digit of f(r)?
9
Let i(t) = t**3 + 14*t**2 + 10*t - 25. What is the tens digit of i(-13)?
1
What is the units digit of (1788 + 3)/(-1)*2/(-6)?
7
Suppose 4*m = -5*z + 3*z + 860, 5*m = z - 437. What is the units digit of z?
2
Let h be 1/(1 - (-345)/(-346)). Suppose -2*l - 2*a = -130, -5*l + h = -a - a. Suppose 0 = 3*f - 7 - l. What is the units digit of f?
5
Let y be (-2 - -2)/((-8)/2). Suppose 5*b + 5*n - 135 = 0, 5*b + 3*n - 3 - 136 = y. What is the units digit of b?
9
Suppose -d + 1 + 3 = 0. Suppose t = -4*t - 200. What is the tens digit of t/2*(-2)/d?
1
Let t(d) = 2*d**2 - 7*d + 4. Let w be ((-12)/(-36))/((-1)/(-12)). Let o be t(w). Suppose o*m = m + 203. What is the tens digit of m?
2
Let y be -2174*1 - (-4 + 2). What is the units digit of (-9)/(-21) + y/(-28)?
8
Let y(h) = -h**3 - 2*h**2 + h - 33. Let l be y(0). Let a = 69 - l. Suppose 3*b = -4*f + a, -f - 2*b - 3*b = -34. What is the tens digit of f?
2
Suppose -a + 5 - 1 = 0. Suppose -6*s = -a*s - 10. Suppose s*i - 90 = -0*i. What is the units digit of i?
8
Let r(m) = 2*m**2 - 10*m + 38. Let n be r(10). Suppose -133*x + n*x = 295. What is the tens digit of x?
5
Suppose 3*c + 3*a = 891 + 372, -c + a + 413 = 0. What is the tens digit of c?
1
Let o(z) = 25 - 3*z - 3*z + 4*z. Let s be (11/3)/(4/12). What is the units digit of o(s)?
3
Suppose -5*q - 5*w = -10755, 0*q + 2143 = q - 3*w. What is the units digit of q?
9
Let x = -154 + 56. Let y = x - -181. What is the units digit of y?
3
Let h be (29*-2 + -2)/((-15)/500). Suppose -12*k + 28*k - h = 0. What is the tens digit of k?
2
Let h = 46 - 44. Suppose -h*g - 240 = -6*g. What is the tens digit of g?
6
Suppose 0*a = x + 3*a, -95 = -5*x + 4*a. What is the tens digit of 3/(x/(-20)) + 28?
2
Suppose 3*x + 392 = z + 4*x, 4*z + 3*x = 1564. Suppose -81 = -i + 2*v + v, -5*i - 2*v + z = 0. What is the tens digit of i?
7
Let l = 187 - 452. Let j = -185 - l. What is the units digit of j?
0
Let d(z) = 8*z + 7 - 2 - 11*z**2 + z**3 - 18*z**2 + 9*z**2. What is the tens digit of d(20)?
6
Let s be 8068/(-28) - (-2)/14. What is the tens digit of s/(-4) + (2 - 0)?
7
Let t(s) = 12*s**2 + s - 2. Let k = 18 - 17. What is the tens digit of t(k)?
1
Let j(r) = 2*r**2 - 2*r - 4. Let x(c) = -2*c**2 + c + 3. Let t(v) = -3*j(v) - 4*x(v). Let w be t(-3). What is the ten